{"id":1382,"date":"2019-01-17T10:27:48","date_gmt":"2019-01-17T09:27:48","guid":{"rendered":"http:\/\/polisia.mlnv.org\/main\/?page_id=1382"},"modified":"2024-07-12T09:44:27","modified_gmt":"2024-07-12T07:44:27","slug":"1382-2","status":"publish","type":"page","link":"https:\/\/polisia.mlnv.org\/main\/1382-2\/","title":{"rendered":"COSA FARE E COME COMPORTARSI CON LE AUTORITA&#8217; ITALIANE"},"content":{"rendered":"<p><img loading=\"lazy\" decoding=\"async\" width=\"300\" height=\"123\" class=\"size-medium wp-image-1418 alignright\" style=\"height: 82px; width: 200px;\" src=\"http:\/\/polisia.mlnv.org\/main\/wp-content\/uploads\/2019\/01\/000-forze-ordine-italiane-300x123.jpg\" alt=\"\" srcset=\"https:\/\/polisia.mlnv.org\/main\/wp-content\/uploads\/2019\/01\/000-forze-ordine-italiane-300x123.jpg 300w, https:\/\/polisia.mlnv.org\/main\/wp-content\/uploads\/2019\/01\/000-forze-ordine-italiane.jpg 756w\" sizes=\"auto, (max-width: 300px) 100vw, 300px\" \/><\/p>\n<p style=\"text-align: justify;\">Questo \u00e8 un\u00a0vademecum per il Cittadino Veneto che ha a che fare con le autorit\u00e0 d&#8217;occupazione straniere italiane, che agiscono sempre in difetto assoluto di giurisdizione e sono\u00a0pertanto illegali e abusive sui nostri Territori.<\/p>\n<hr \/>\n<p style=\"text-align: justify;\"><span style=\"font-size: 20px; color: #800000;\"><strong>SE CONTROLLATI IN AUTO<br \/>\n<\/strong><\/span>state calmi;<br \/>\nNon scendete mai dal veicolo\u00a0se non \u00e8 espressamente richiesto, anzi chiudete sempre le porte con la sicura e non aprite mai del tutto il finestrino ma solo il necessario per comunicare verbalmente;<br \/>\nqualsiasi disposizione che vi impartiscono, contestatela con calma, anche se vi dicono di scendere, rifiutatevi asserendo che non vi fidate di loro perch\u00e9 sono forze d&#8217;occupazione strasniere italiane;<br \/>\nnon siate pi\u00f9 collaborativi ma\u00a0sorridenti,\u00a0non offendete (anche se venite offesi), piuttosto non rispondete a nessuna delle loro domande \u2026 cominciamo con la nostra pacifica protesta del &#8220;silenzio&#8221;;<br \/>\nl&#8217;unica cosa che \u00e8 necessaria fare, esprimendovi anche in lingua veneta, \u00e8 dichiararsi Cittadini del Popolo Veneto e membri del Movimento di Liberazione Nazionale del Popolo Veneto aggiungendo: &#8220;sono e mi chiamo \u2026 (dite cognome e nome), sono Cittadino\/a del Popolo Veneto e membro del Movimento di Liberazione<img loading=\"lazy\" decoding=\"async\" width=\"300\" height=\"115\" class=\"size-medium wp-image-1386 alignleft\" style=\"width: 200px; height: 77px; float: left;\" src=\"http:\/\/polisia.mlnv.org\/main\/wp-content\/uploads\/2019\/01\/posto-blocco-polizia-siracusa-650x250-2-300x115.jpg\" alt=\"\" srcset=\"https:\/\/polisia.mlnv.org\/main\/wp-content\/uploads\/2019\/01\/posto-blocco-polizia-siracusa-650x250-2-300x115.jpg 300w, https:\/\/polisia.mlnv.org\/main\/wp-content\/uploads\/2019\/01\/posto-blocco-polizia-siracusa-650x250-2-768x295.jpg 768w, https:\/\/polisia.mlnv.org\/main\/wp-content\/uploads\/2019\/01\/posto-blocco-polizia-siracusa-650x250-2.jpg 1000w\" sizes=\"auto, (max-width: 300px) 100vw, 300px\" \/> Nazionale del Popolo Veneto&#8221;;<br \/>\ncontestate sempre il:<br \/>\nDIFETTO ASSOLUTO DI GIURISDIZIONE, dite: &#8220;<strong>CONTESTO IL DIFETTO ASSOLUTO DI GIURISDIZIONE&#8221;.<br \/>\n<\/strong><strong>(<a href=\"http:\/\/polisia.mlnv.org\/main\/wp-content\/uploads\/2019\/01\/POLISIA-NASIONALE-ANNOTAZIONE-A-VERBALE.pdf\" target=\"_blank\" rel=\"noopener\">stampatevi il verbale che anche voi potete fare e annotate i dati necessari<\/a>)<br \/>\n<\/strong>chiedete e annotatevi, oltre alla data, l&#8217;ora e al luogo preciso,\u00a0i nominativi dei procedenti (chiedete gentilmente i loro nominativi e il grado, non ch\u00e9 il numero di tesserino o di placca) e il numero di targa e modello del veicolo di servizio;<br \/>\nse viene redatto un verbale potete anche <strong>non firmare <\/strong>(non corre alcun obbligo di firma ma accettatene copia)\u2026 \u00e8 un problema loro e non nostro, se volete comunque ritirarlo per avere contezza dei nomi dei verbalizzanti il ricevimento da parte vostra non ha alcun valore di notifica.<br \/>\nse gli operatori delle forze dell&#8217;ordine dello stato straniero italiano proseguono con altre azioni quali l&#8217;ispezione e la\u00a0perquisizione del veicolo e\/o personale, avete diritto che venga redatto uno specifico\u00a0verbale delle operazioni svolte e che in esso siano indicate le motivazioni per cui sono state svolte e l&#8217;esito delle stesse.<br \/>\nDi tale verbale avete diritto ad averne una copia anche se non la firmate.<br \/>\n<strong>Deve essere chiaro inoltre che non \u00e8 mai giustificato un accompagnamento<\/strong><strong>\u00a0coattivo presso un qualsiasi ufficio o caserma per la redazione dei verbali delle operazioni svolte perch\u00e8 ci\u00f2 limiterebbe la vostra libert\u00e0 personale.<br \/>\n<\/strong><strong>E&#8217; un dovere delle forze dell&#8217;ordine dello stato straniero italiano assolvere alle proprie mansioni senza gravare sui cittadini.<\/strong><\/p>\n<hr \/>\n<p style=\"text-align: justify;\"><span style=\"color: #800000;\"><strong><span style=\"font-size: 20px;\">ATTIVITA&#8217; DI POLIZIA GIUDIZIARIA<br \/>\n<\/span><\/strong><\/span>se l&#8217;intervento \u00e8 per motivi giudiziari tali atti possono essere realizzati ad iniziativa delle forze dell&#8217;ordine (solo in alcune circostanze) o per delega dell&#8217;autorit\u00e0giudiziaria; in entrambe le circostanze sia la polizia\u00a0giudiziaria che l&#8217;autorit\u00e0 giudiziaria\u00a0agiscono illegalalmente sui territori della nostra Patria e pertanto non vanno riconosciuti.<img loading=\"lazy\" decoding=\"async\" width=\"250\" height=\"214\" class=\"size-full wp-image-1389 alignleft\" style=\"width: 200px; height: 171px; float: left;\" src=\"http:\/\/polisia.mlnv.org\/main\/wp-content\/uploads\/2019\/01\/perquisizione-domiciliare.jpg\" alt=\"\" \/>Chiedete che a verbale sia chiaramente indicata la vostra contestazione:\u00a0&#8221; <strong>contesto il difetto assoluto di giurisdizione&#8221;.<br \/>\n<\/strong>state calmi;non opponetevi con la forza;<br \/>\ndi tutte le operazioni di polizia giudiziaria realizzate dalle forze dell&#8217;ordine dev&#8217;essere redatto uno specifico verbale con l&#8217;indicazione chiara delle motivazioni e dell&#8217;esito delle stesse.<br \/>\nAvete diritto ad una copia dei verbali anche se non li sottoscrivete.<br \/>\nNei verbali devono essere indicati anche chiaramente i nominativi, con qualifiche e gradi degli operatori di polizia che procedono e se<br \/>\nhanno proceduto ad iniziativa o su delega dell&#8217;autorit\u00e0 giudiziaria straniera italiana.<br \/>\nSe le operazioni di p.g. realizzate dagli operatori di polizia giudiziaria sono poste in essere su delega dell&#8217;autorit\u00e0 giudiziaria straniera italiana avete diritto ad una copia dell&#8217;ordine e\/o decreto di perquisizione\/sequestro\u2026 che deve essere motivato e sottoscritto dall&#8217;autorit\u00e0 giudiziaria straniera italiana; procederemo successivamente a notificare ai responsabili (sia alle forze dell&#8217;ordine dello strato straniero italiano che al pubblico ministero firmatario) l&#8217;iscrizione a ruolo giudiziario.<\/p>\n<p><img loading=\"lazy\" decoding=\"async\" width=\"300\" height=\"225\" class=\"size-medium wp-image-1411 alignleft\" style=\"width: 200px; height: 150px; float: left;\" src=\"http:\/\/polisia.mlnv.org\/main\/wp-content\/uploads\/2019\/01\/6yd-300x225.jpg\" alt=\"\" srcset=\"https:\/\/polisia.mlnv.org\/main\/wp-content\/uploads\/2019\/01\/6yd-300x225.jpg 300w, https:\/\/polisia.mlnv.org\/main\/wp-content\/uploads\/2019\/01\/6yd-768x576.jpg 768w, https:\/\/polisia.mlnv.org\/main\/wp-content\/uploads\/2019\/01\/6yd-1024x768.jpg 1024w, https:\/\/polisia.mlnv.org\/main\/wp-content\/uploads\/2019\/01\/6yd.jpg 1200w\" sizes=\"auto, (max-width: 300px) 100vw, 300px\" \/><\/p>\n<div>\n<hr \/>\n<p style=\"text-align: justify;\"><span style=\"font-size: 20px;\"><span style=\"color: #ffffff;\"><strong><span style=\"color: #993366;\">IN CASO DI ACCOMPAGNAMENTI COATTIVI<\/span><br \/>\n<\/strong><\/span><\/span>Contestate sempre il difetto assoluto di giurisdizione: &#8220;CONTESTO IL DIFETTO ASSOLUTO DI GIURISZIONE&#8221;<br \/>\nstate calmi;<br \/>\nnon opponetevi con la forza;<br \/>\nATTENZIONE: Gli operatori di polizia che procedono devono farlo nel corso di un servizio di prevenzione e solo se la persona si sia rifiutata di farsi identificare ovvero se esistono sufficienti indizi che le generalit\u00e0 dichiarate siano false o siano falsi i documenti di identit\u00e0 esibiti (art. 11 D.L. 59\/78 conv. in L. 191\/78).<br \/>\nNon \u00e8 legale l&#8217;accompagnamento contro la nostra volont\u00e0 se avete dichiarato le generalit\u00e0 complete o se le autorit\u00e0 di occupazione asseriscono che devono fare gli atti, (\u00e8 un problema loro e gli atti li fanno sul posto).<\/p>\n<\/div>\n<div style=\"text-align: justify;\">\n<hr \/>\n<p><strong style=\"color: #993366; font-size: 20px;\">IN CASO DI FOTOSEGNALAMENTI<br \/>\n<\/strong>Non c&#8217;\u00e8 alcuna obbligatoriet\u00e0 del fotosegnalmento il quale si riferisce ad una \u201cdiscrezionalit\u00e0 ragionata\u201d della forza di polizia operante di concerto con l\u2019A.G. e quindi in funzione dell\u2019esigenze investigative.<br \/>\n<img loading=\"lazy\" decoding=\"async\" width=\"300\" height=\"200\" class=\"alignleft size-medium wp-image-1401\" style=\"width: 200px; height: 133px; float: left;\" src=\"http:\/\/polisia.mlnv.org\/main\/wp-content\/uploads\/2019\/01\/identificazione-jpg-300x200.jpg\" alt=\"\" srcset=\"https:\/\/polisia.mlnv.org\/main\/wp-content\/uploads\/2019\/01\/identificazione-jpg-300x200.jpg 300w, https:\/\/polisia.mlnv.org\/main\/wp-content\/uploads\/2019\/01\/identificazione-jpg-768x512.jpg 768w, https:\/\/polisia.mlnv.org\/main\/wp-content\/uploads\/2019\/01\/identificazione-jpg.jpg 1000w\" sizes=\"auto, (max-width: 300px) 100vw, 300px\" \/>La polizia giudiziaria, a termini dell\u2019art. 349 c.p.p., nel procedere all\u2019identificazione della persona sottoposta ad indagine,\u00a0<em><strong>pu\u00f2 eseguire, ove occorra<\/strong>,<\/em> (deve essere giustificato) ai rilievi per l\u2019appunto dattiloscopici.<br \/>\nUna costruzione semantica similare \u00e8 presente nell\u2019art. 4 TULPS, dove si evince che l\u2019autorit\u00e0 di P.S. <em>ha la facolt\u00e0 di ordinare i rilievi segnaletici<\/em>, perch\u00e9 presupposto del fotosegnalamento \u00e8 l\u2019identificare chi non \u00e8 grado di palesarsi (es. evidente stato confusionale) o, pi\u00f9 semplicemente, non vuole farlo o per accertare l&#8217;eventuale sostituzioni di identit\u00e0,\u00a0<em>alias.<br \/>\n<\/em>E&#8217; un diritto opporsi e nagate sempre\u00a0il consenso, e contestate sempre il difetto assoluto di giurisdizione: &#8220;<strong>CONTESTO IL DIFETTO ASSOLUTO DI GIURISDIZIONE<\/strong>&#8220;.<\/p>\n<\/div>\n<div style=\"text-align: justify;\"><\/div>\n<div style=\"text-align: justify;\">\n<hr \/>\n<\/div>\n<div>\n<div style=\"text-align: justify;\"><\/div>\n<\/div>\n","protected":false},"excerpt":{"rendered":"<p>Questo \u00e8 un\u00a0vademecum per il Cittadino Veneto che ha a che fare con le autorit\u00e0 d&#8217;occupazione straniere italiane, che agiscono sempre in difetto assoluto di giurisdizione e sono\u00a0pertanto illegali e abusive sui nostri Territori. SE CONTROLLATI IN AUTO state calmi; Non scendete mai dal veicolo\u00a0se non \u00e8 espressamente richiesto, anzi chiudete sempre le porte con [&hellip;]<\/p>\n","protected":false},"author":1,"featured_media":0,"parent":0,"menu_order":0,"comment_status":"closed","ping_status":"closed","template":"","meta":{"footnotes":""},"class_list":["post-1382","page","type-page","status-publish","hentry"],"_links":{"self":[{"href":"https:\/\/polisia.mlnv.org\/main\/wp-json\/wp\/v2\/pages\/1382","targetHints":{"allow":["GET"]}}],"collection":[{"href":"https:\/\/polisia.mlnv.org\/main\/wp-json\/wp\/v2\/pages"}],"about":[{"href":"https:\/\/polisia.mlnv.org\/main\/wp-json\/wp\/v2\/types\/page"}],"author":[{"embeddable":true,"href":"https:\/\/polisia.mlnv.org\/main\/wp-json\/wp\/v2\/users\/1"}],"replies":[{"embeddable":true,"href":"https:\/\/polisia.mlnv.org\/main\/wp-json\/wp\/v2\/comments?post=1382"}],"version-history":[{"count":48,"href":"https:\/\/polisia.mlnv.org\/main\/wp-json\/wp\/v2\/pages\/1382\/revisions"}],"predecessor-version":[{"id":1869,"href":"https:\/\/polisia.mlnv.org\/main\/wp-json\/wp\/v2\/pages\/1382\/revisions\/1869"}],"wp:attachment":[{"href":"https:\/\/polisia.mlnv.org\/main\/wp-json\/wp\/v2\/media?parent=1382"}],"curies":[{"name":"wp","href":"https:\/\/api.w.org\/{rel}","templated":true}]}}